1032640?
1032635
In base 8, what is 2 + -10567?
-10565
In base 7, what is 131 - 11?
120
In base 10, what is -8 + 12877?
12869
In base 13, what is 1a054 - 2b?
1a026
In base 12, what is -32a - -677?
349
In base 10, what is 121 + -685?
-564
In base 15, what is -2 - -35de?
35dc
In base 7, what is 11220 - 111?
11106
In base 2, what is 10000111 - 10100000010?
-10001111011
In base 16, what is -d + -16308?
-16315
In base 9, what is -2303 + 2?
-2301
In base 4, what is -232121 - 31?
-232212
In base 3, what is 11020 - 2?
11011
In base 9, what is 140 + 2435?
2575
In base 15, what is -6c - -798?
72b
In base 8, what is -50424 + -5?
-50431
In base 15, what is -6 - 6d96?
-6d9c
In base 9, what is -3 - -56416?
56413
In base 13, what is 4 + -29c5?
-29c1
In base 16, what is 8 - -73fb?
7403
In base 6, what is -32 - 3?
-35
In base 3, what is 2001221 - 1100100?
201121
In base 9, what is 143720 + -5?
143714
In base 16, what is 4 - -80dc?
80e0
In base 9, what is -33 + -1657?
-1701
In base 3, what is -121 + 10220121212?
10220121021
In base 2, what is -11 - -10110000100100101?
10110000100100010
In base 8, what is 25 + -16244?
-16217
In base 3, what is -102222 - 1112?
-111111
In base 14, what is 166 + 2245?
23ab
In base 15, what is -1 - -3d2d?
3d2c
In base 9, what is 1228764 + 3?
1228767
In base 2, what is -111 - -11001101111111101?
11001101111110110
In base 16, what is -5 - -47c?
477
In base 5, what is 23 + -23410?
-23332
In base 4, what is 203232211 - 10?
203232201
In base 3, what is 2101 - 100100?
-20222
In base 6, what is 12445234 + 30?
12445304
In base 4, what is -33 - 2213131?
-2213230
In base 8, what is 1033 + -7?
1024
In base 12, what is 8 + -6a31?
-6a25
In base 16, what is -8f - c5?
-154
In base 12, what is aa - -217?
305
In base 14, what is 3 + -34a?
-347
In base 10, what is 122189 + -1?
122188
In base 11, what is -659 - -a?
-64a
In base 15, what is -2 - ce32?
-ce34
In base 11, what is 0 - -61471?
61471
In base 6, what is 1104405 - 55?
1104310
In base 11, what is 76 + -621a?
-6154
In base 11, what is 2761a - -17?
27636
In base 9, what is -55012 + -4?
-55016
In base 13, what is -105 + 18c2?
17ba
In base 3, what is -110010210 - 122?
-110011102
In base 8, what is 32 - -243101?
243133
In base 10, what is -1400 + 3?
-1397
In base 3, what is -11201211220122 + -11?
-11201211220210
In base 14, what is -52098 + 2?
-52096
In base 11, what is 697 - 8?
68a
In base 12, what is 2 + -2268?
-2266
In base 10, what is -12502 + 21?
-12481
In base 14, what is -35baa7 + 3?
-35baa4
In base 15, what is -1a33d5 - 2?
-1a33d7
In base 5, what is 2444002 - 10?
2443442
In base 6, what is 1 - -41451?
41452
In base 9, what is -1 - -284850?
284848
In base 5, what is 22421030 - 3?
22421022
In base 9, what is -51002 + -3?
-51005
In base 4, what is 0 - 102203303?
-102203303
In base 6, what is -445343 - 2?
-445345
In base 6, what is 2521 - -1013?
3534
In base 6, what is 23424 - -5?
23433
In base 7, what is 2 - -111010?
111012
In base 15, what is -b2ada + -4?
-b2ade
In base 15, what is -827ce - -3?
-827cb
In base 7, what is -5364116 - 0?
-5364116
In base 8, what is -2 + -345514?
-345516
In base 9, what is 7141 + 1?
7142
In base 12, what is 302512 + -2?
302510
In base 10, what is 29226 - -1?
29227
In base 8, what is 57210 + 0?
57210
In base 6, what is 124 + 5522?
10050
In base 2, what is -1 + 111101100101001?
111101100101000
In base 2, what is 1001011100000 + -1?
1001011011111
In base 2, what is 10010 - -1000011011110111?
1000011100001001
In base 12, what is 4 + 400b?
4013
In base 11, what is 6 + -10a3?
-1098
In base 7, what is 104242 - -3?
104245
In base 15, what is -b9 - a?
-c4
In base 4, what is 223 - -221313?
222202
In base 11, what is 31984 - 1?
31983
In base 11, what is 1 + -a696?
-a695
In base 16, what is -74 - -34?
-40
In base 11, what is -4 + 1963?
195a
In base 13, what is 802 - 841?
-3c
In base 16, what is 33059 - 0?
33059
In base 6, what is 3215 + -310?
2505
In base 9, what is -301 + -165?
-466
In base 8, what is 37 + 34?
73
In base 3, what is -1002211 - -212?
-1001222
In base 10, what is -6874 - -6?
-6868
In base 14, what is 118 + -cc?
2a
In base 5, what is -41144 + -134?
-41333
In base 5, what is 3312022 + 10?
3312032
In base 9, what is -148 + -561?
-720
In base 8, what is 116 - -175742?
176060
In base 15, what is 340 - 10b?
234
In base 3, what is -122112 + -1121?
-201010
In base 6, what is 3 + 224340?
224343
In base 6, what is 124 + 3014?
3142
In base 16, what is -1 + 7882?
7881
In base 5, what is 43 - 14323?
-14230
In base 10, what is -14114 - 55?
-14169
In base 6, what is 3443322 + 0?
3443322
In base 9, what is -130501 + 3?
-130487
In base 5, what is -311042330 - -2?
-311042323
In base 8, what is -16 + 52222?
52204
In base 12, what is -2 + -88a?
-890
In base 4, what is 1223 + -1212?
11
In base 8, what is 0 - -106050?
106050
In base 2, what is 110011 + -111?
101100
In base 7, what is -6653 - -4551?
-2102
In base 6, what is 1505443 - -205?
1510052
In base 8, what is -136 - -540?
402
In base 12, what is -b - -1a83b?
1a830
In base 5, what is -10313441 + 2?
-10313434
In base 9, what is 11766 + 0?
11766
In base 16, what is 0 - 55a2d?
-55a2d
In base 11, what is -896134 - 2?
-896136
In base 12, what is -3 - -1385b?
13858
In base 15, what is -2 + a4d?
a4b
In base 8, what is -717103 - 7?
-717112
In base 13, what is -1642 + 7c?
-1593
In base 10, what is 10 - -6136?
6146
In base 10, what is 713 - 68?
645
In base 11, what is 419 + 85a?
1178
In base 7, what is 36 - 354303?
-354234
In base 12, what is 10a41 - -10?
10a51
In base 9, what is 338 + 36?
375
In base 5, what is -400 - -3033?
2133
In base 15, what is 378d + 6?
3794
In base 7, what is 5 + -140111?
-140103
In base 13, what is 1a0 + -57b?
-3ab
In base 5, what is -1 - 1310412?
-1310413
In base 15, what is 5 + 1d72d?
1d733
In base 2, what is -1110010100011100100 - -1?
-1110010100011100011
In base 2, what is -110 + -101111110001101?
-101111110010011
In base 11, what is 28 + -24397?
-2436a
In base 11, what is aa40 + 0?
aa40
In base 11, what is -76583 + -1?
-76584
In base 13, what is b + 6619?
6627
In base 5, what is -12043 - 12?
-12110
In base 10, what is 1990562 + -4?
1990558
In base 5, what is 10410 - 2?
10403
In base 14, what is -3 - 35223?
-35226
In base 7, what is -3601141 + 4?
-3601134
In base 8, what is 170 + 1525?
1715
In base 7, what is 4 - -10603462?
10603466
In base 3, what is -1002201120210202 - 10?
-1002201120210212
In base 8, what is 4 + 130600?
130604
In base 4, what is 30233222 - -1?
30233223
In base 3, what is -22020222 - 212?
-22021211
In base 13, what is -2b43 + -2c?
-2b72
In base 11, what is 9 + 8731?
873a
In base 16, what is 15 - 11b31?
-11b1c
In base 9, what is -13 + -2337?
-2351
In base 15, what is 3 + 196bd?
196c1
In base 3, what is 2011022201210 - 11?
2011022201122
In base 14, what is -c665 + 27?
-c63c
In base 15, what is 12 + 32c0?
32d2
In base 16, what is -1 + acba?
acb9
In base 2, what is -10011011 - -111?
-10010100
In base 13, what is -98 + 132?
67
In base 7, what is 522164 - 0?
522164
In base 16, what is -3 + -17aa0?
-17aa3
In base 15, what is -12b120 - 3?
-12b123
In base 5, what is 43 - 12104401?
-12104303
In base 11, what is 6030 - -41?
6071
In base 4, what is 233 - -32013311?
32020210
In base 2, what is -1001010101001 + -1110000?
-1001100011001
In base 6, what is -2 - -111453?
111451
In base 2, what is 1110001100010010 + 100?
1110001100010110
In base 4, what is 2 - -30320202?
30320210
In base 2, what is 11 + -1101011010111011?
-1101011010111000
In base 12, what is a - -114bb?
11509
In base 6, what is 3 + -24531535?
-24531532
In base 13, what is 3 - 6cb6?
-6cb3
In base 14, what is -3d + -55d6?
-5635
In base 8, what is 1304631 + -3?
1304626
In base 16, what is 2c56 - -21?
2c77
In base 2, what is 0 - 1010000011001111?
-1010000011001111
In base 14, what is 1d529 - -4?
1d52d
In base 11, what is -47 - -59?
12
In base 9, what is 32 + -21?
11
In base 16, what is -1a + 407?
3ed
In base 3, what is 2222001202100 + -11?
2222001202012
In base 5, what is -1423 - -241341?
234413
In base 14, what is -b01c + -6?
-b024
In base 3, what is -200 + -1100221110?
-1100222010
In base 6, what is 1515 - -4150?
10105
In base 9, what is 1137101 + 0?
1137101
In base 12, what is -567b + -5?
-5684
In base 7, what is 124 + -33440?
-33313
In